is 320053 (base 6) in base 11?
18554
1b6d8 (base 14) to base 4
101011032
1b513e (base 16) to base 11
1013069
Convert 4542132 (base 6) to base 8.
703410
1000101001100100001111 (base 2) to base 13
61507c
Convert 44512 (base 9) to base 12.
15148
What is 1011111001011000001 (base 2) in base 3?
201210201222
Convert 74db7 (base 14) to base 3.
112100122120
Convert 5076623 (base 10) to base 16.
4d768f
-54682 (base 10) to base 9
-83007
Convert 1034311412 (base 5) to base 12.
910008
What is 61438 (base 16) in base 4?
1201100320
Convert 3000201001 (base 4) to base 10.
788545
422735 (base 8) to base 7
1124252
-1130211110 (base 4) to base 16
-5c954
-2c4d32 (base 16) to base 14
-5580dc
What is -327023 (base 9) in base 16?
-2fb41
Convert -2263484 (base 9) to base 4.
-10222210111
463b5 (base 14) to base 3
22200101201
-4177647 (base 8) to base 16
-10ffa7
What is 352810 (base 9) in base 16?
33c63
What is -52305523 (base 6) in base 14?
-2b70b9
What is 1141507 (base 9) in base 4?
2112312103
Convert -1cb83 (base 13) to base 8.
-157073
What is -10110110000011100010100 (base 2) in base 7?
-101464246
What is -381850 (base 9) in base 14?
-602c1
What is -3768450 (base 11) in base 12?
-2235415
What is 1131 (base 7) in base 9?
510
221255 (base 9) to base 14
36241
-1221120011100 (base 3) to base 16
-fc948
What is 1513533 (base 6) in base 2?
10101011010000001
Convert -23200311 (base 5) to base 13.
-74450
1100033033 (base 4) to base 8
1201717
23130301113 (base 4) to base 15
3e44a6
What is -11242403 (base 5) in base 3?
-12020002101
Convert 1281770 (base 9) to base 6.
23024230
-b2bdd (base 15) to base 4
-2022100210
What is c00194 (base 13) in base 11?
2573793
What is -343006 (base 10) in base 8?
-1235736
212211022020 (base 3) to base 12
1a7489
580612 (base 9) to base 4
1111001012
What is -42987b (base 15) in base 6?
-151544425
What is -10010111110100110 (base 2) in base 8?
-227646
6ce (base 16) to base 7
5036
20b45 (base 12) to base 9
65118
42212233 (base 6) to base 5
303333204
What is 13463711 (base 9) in base 6?
354353014
165620 (base 10) to base 4
220123310
Convert 233110033 (base 4) to base 14.
508b5
Convert 30266327 (base 8) to base 15.
861c20
Convert 4c6d20 (base 14) to base 9.
4850447
Convert 302302123 (base 6) to base 8.
23526203
-7731376 (base 8) to base 6
-112305434
Convert 423359 (base 12) to base 8.
3764065
593226 (base 12) to base 8
5365176
Convert -862279 (base 10) to base 7.
-10220635
What is -2100022111 (base 3) in base 12?
-22864
-408c78 (base 13) to base 9
-2743263
Convert -4c744 (base 16) to base 2.
-1001100011101000100
Convert 101212112 (base 4) to base 6.
1313422
-200243413 (base 5) to base 16
-c0fd3
What is 53016563 (base 7) in base 14?
846da3
125a68 (base 11) to base 4
300122000
-146698 (base 10) to base 16
-23d0a
What is 7610633 (base 9) in base 6?
223251350
Convert -1727056 (base 8) to base 3.
-221120110022
What is -3113412033 (base 5) in base 10?
-6388393
What is -2511336 (base 8) in base 3?
-1022012120010
What is 13573 (base 15) in base 10?
61983
Convert 25100134 (base 6) to base 16.
c38da
-9347 (base 14) to base 11
-18053
Convert -120689 (base 16) to base 9.
-2200418
Convert -201121212221 (base 3) to base 12.
-167667
-a9512 (base 13) to base 4
-1022301003
Convert 468727 (base 9) to base 4.
1010312002
1465640 (base 7) to base 11
128289
What is 14732aa (base 12) in base 14?
797bd8
What is 11111000001011001100110 (base 2) in base 9?
16264245
What is 60204411 (base 7) in base 13?
1053159
-d19d (base 14) to base 10
-36007
-76764 (base 8) to base 4
-13313310
Convert 1000020022 (base 5) to base 6.
105520031
-11020122221220 (base 3) to base 12
-90a136
What is 9426a (base 11) in base 14?
38111
Convert 6aeda (base 16) to base 12.
191562
Convert -11757574 (base 8) to base 10.
-2613116
Convert 11100110001000010001101 (base 2) to base 14.
10041c1
-115233410 (base 6) to base 7
-24545046
Convert 214204321 (base 5) to base 14.
1a2647
132332202 (base 4) to base 16
1efa2
What is -1228036 (base 10) in base 15?
-193ce1
-2001 (base 11) to base 14
-d83
-170876 (base 10) to base 11
-107422
Convert 7bab4 (base 12) to base 8.
503550
Convert 5a2459 (base 15) to base 4.
100130131023
-4664c (base 14) to base 8
-516554
Convert -10011100001111110 (base 2) to base 7.
-452142
Convert 20040 (base 16) to base 11.
8a585
What is 20022233121 (base 4) in base 13?
59c766
-201332434 (base 6) to base 15
-47c5d7
Convert -11112010120111 (base 3) to base 8.
-11127133
Convert 19646 (base 12) to base 14.
d7b8
Convert 101103340 (base 5) to base 14.
a9509
Convert 2a40b (base 12) to base 5.
3344324
-20825604 (base 9) to base 13
-2110c69
Convert 343220333 (base 5) to base 12.
62264b
Convert -80266 (base 9) to base 15.
-10940
Convert 7033 (base 11) to base 4.
2102021
What is -2354261 (base 8) in base 16?
-9d8b1
What is -b2c57 (base 16) in base 2?
-10110010110001010111
What is -27b62 (base 16) in base 3?
-22021010101
Convert 994e6 (base 16) to base 7.
5223510
-525100 (base 7) to base 2
-10110000111101001
-1da10 (base 15) to base 7
-552054
What is 43042324 (base 5) in base 14?
96006
Convert -78c73 (base 15) to base 14.
-a0019
-2303332133 (base 4) to base 9
-1343202
Convert 1100000000101000101010 (base 2) to base 8.
14005052
Convert 1463011 (base 8) to base 5.
101404322
Convert 1140044 (base 7) to base 9.
238582
Convert 3409487 (base 11) to base 12.
1bbb845
Convert 3137462 (base 9) to base 14.
3199d8
What is -670223 (base 9) in base 5?
-100303104
What is 20231211 (base 6) in base 7?
4632550
-24533 (base 16) to base 2
-100100010100110011
Convert -23995 (base 12) to base 2.
-1011101111000001
-12021202200 (base 3) to base 14
-29d00
What is -21131030310 (base 4) in base 15?
-33e750
Convert 114a173 (base 13) to base 5.
2331201304
What is 531310 (base 7) in base 11?
62a16
Convert 11001010011100011 (base 2) to base 3.
12021011221
-4582833 (base 9) to base 11
-1440a86
Convert -4a019f (base 16) to base 13.
-100a790
Convert 11010110200 (base 3) to base 9.
133420
What is -5a410 (base 12) in base 13?
-4342b
Convert 101012 (base 14) to base 15.
aa28e
-233a245 (base 12) to base 5
-3220021133
What is -729a7 (base 16) in base 6?
-14021115
Convert 513a796 (base 11) to base 8.
42500461
15624025 (base 7) to base 4
11302303213
-21022220211111 (base 3) to base 13
-a65229
What is 33365 (base 9) in base 11?
15727
Convert -10292472 (base 10) to base 16.
-9d0cf8
What is -34a24 (base 13) in base 10?
-96191
Convert -304014431 (base 5) to base 7.
-13334244
Convert 2100122211 (base 3) to base 12.
22a34
What is 1535212 (base 6) in base 2?
10110000111011000
What is -211113132030 (base 4) in base 13?
-204c747
What is d5596b (base 14) in base 10?
7199371
2a461a (base 12) to base 3
1100012210211
-6602b (base 14) to base 10
-246999
What is -1001033553 (base 6) in base 5?
-10043112401
-124205 (base 11) to base 13
-6b227
-5e62f (base 16) to base 6
-12141503
Convert 10100010111111011 (base 2) to base 14.
225ab
What is 33144121 (base 5) in base 12?
11a3ab
Convert 12112021220 (base 3) to base 13.
3a6cb
Convert -6358e (base 15) to base 11.
-1a5846
-66b0d5 (base 14) to base 11
-1a72498
What is -1100111001010100011110 (base 2) in base 11?
-19a9911
2201023123 (base 4) to base 14
132843
Convert -1c655 (base 13) to base 4.
-31223021
-19a690 (base 11) to base 6
-10325031
-323200312 (base 4) to base 14
-64b9c
What is -111011110010000111 (base 2) in base 13?
-875c3
Convert -111053251 (base 6) to base 8.
-7534377
What is -3492024 (base 11) in base 9?
-12416442
28a9a4 (base 12) to base 5
133313002
296a807 (base 11) to base 7
61206250
What is 640321 (base 8) in base 2?
110100000011010001
-ba483 (base 15) to base 3
-1010001120220
What is -1040142 (base 6) in base 12?
-26052
What is -30a92 (base 16) in base 3?
-101010102000
Convert 149359 (base 14) to base 8.
2570063
What is -6929c6 (base 15) in base 4?
-103021302210
33320003 (base 4) to base 14
199ab
Convert 34749a (base 12) to base 16.
cd9f6
Convert 39899 (base 15) to base 12.
8a716
What is 111100111101 (base 2) in base 5?
111101
What is 267258 (base 10) in base 8?
1011772
What is 11232032 (base 5) in base 14?
2931c
Convert 1200001011112 (base 3) to base 6.
31000322
Convert -4033045 (base 11) to base 14.
-d39d05
1f7582 (base 16) to base 12
835142
4db29 (base 15) to base 14
669bb
What is 101253004 